{"id":961,"date":"2025-12-29T16:51:15","date_gmt":"2025-12-29T15:51:15","guid":{"rendered":"https:\/\/v1.cliniqueverano.com\/?page_id=961"},"modified":"2026-01-06T12:22:21","modified_gmt":"2026-01-06T11:22:21","slug":"nos-poles-medicaux","status":"publish","type":"page","link":"https:\/\/v1.cliniqueverano.com\/?page_id=961","title":{"rendered":"Nos p\u00f4les m\u00e9dicaux"},"content":{"rendered":"\t\t<div data-elementor-type=\"wp-page\" data-elementor-id=\"961\" class=\"elementor elementor-961\">\n\t\t\t\t\t\t<section class=\"elementor-section elementor-top-section elementor-element elementor-element-21626c6 pbmit-bg-color-yes pbmit-elementor-bg-color-white pbmit-col-stretched-none pbmit-bg-color-over-image elementor-section-boxed elementor-section-height-default elementor-section-height-default\" data-id=\"21626c6\" data-element_type=\"section\" data-e-type=\"section\">\n\t\t\t\t\t\t<div class=\"elementor-container elementor-column-gap-no\">\n\t\t\t\t\t<div class=\"elementor-column elementor-col-50 elementor-top-column elementor-element elementor-element-59c7a16 pbmit-bg-image-over-color\" data-id=\"59c7a16\" data-element_type=\"column\" data-e-type=\"column\" data-settings=\"{&quot;background_background&quot;:&quot;classic&quot;}\">\n\t\t\t<div class=\"elementor-widget-wrap elementor-element-populated\">\n\t\t\t\t\t\t<div class=\"elementor-element elementor-element-02aec8f elementor-widget elementor-widget-spacer\" data-id=\"02aec8f\" data-element_type=\"widget\" data-e-type=\"widget\" data-widget_type=\"spacer.default\">\n\t\t\t\t<div class=\"elementor-widget-container\">\n\t\t\t\t\t\t\t<div class=\"elementor-spacer\">\n\t\t\t<div class=\"elementor-spacer-inner\"><\/div>\n\t\t<\/div>\n\t\t\t\t\t\t<\/div>\n\t\t\t\t<\/div>\n\t\t\t\t\t<\/div>\n\t\t<\/div>\n\t\t\t\t<div class=\"elementor-column elementor-col-50 elementor-top-column elementor-element elementor-element-30c404d pbmit-bg-color-over-image\" data-id=\"30c404d\" data-element_type=\"column\" data-e-type=\"column\">\n\t\t\t<div class=\"elementor-widget-wrap elementor-element-populated\">\n\t\t\t\t\t\t<div class=\"elementor-element elementor-element-13356a4 elementor-widget elementor-widget-pbmit_heading\" data-id=\"13356a4\" data-element_type=\"widget\" data-e-type=\"widget\" data-widget_type=\"pbmit_heading.default\">\n\t\t\t\t<div class=\"elementor-widget-container\">\n\t\t\t\t\t <div class=\"pbmit-heading-subheading pbmit-heading-subheading-style-1 pbmit-reverse-heading-yes animation-style3\"><h2 class=\"pbmit-element-title\">\r\n\t\t\t\t\r\n\t\t\t\t\tNOS P\u00d4LES M\u00c9DICAUX\r\n\t\t\t\t\r\n\t\t\t\t<\/h2>\r\n\t\t\t<div class=\"pbmit-heading-desc\">Une prise en charge compl\u00e8te et coordonn\u00e9e<\/div><\/div>\t\t\t\t<\/div>\n\t\t\t\t<\/div>\n\t\t\t\t<div class=\"elementor-element elementor-element-d6f1f7e elementor-widget elementor-widget-accordion\" data-id=\"d6f1f7e\" data-element_type=\"widget\" data-e-type=\"widget\" data-widget_type=\"accordion.default\">\n\t\t\t\t<div class=\"elementor-widget-container\">\n\t\t\t\t\t\t\t<div class=\"elementor-accordion\">\n\t\t\t\t\t\t\t<div class=\"elementor-accordion-item\">\n\t\t\t\t\t<div id=\"elementor-tab-title-2251\" class=\"elementor-tab-title\" data-tab=\"1\" role=\"button\" aria-controls=\"elementor-tab-content-2251\" aria-expanded=\"false\">\n\t\t\t\t\t\t\t\t\t\t\t\t\t<span class=\"elementor-accordion-icon elementor-accordion-icon-right\" aria-hidden=\"true\">\n\t\t\t\t\t\t\t\t\t\t\t\t\t\t\t<span class=\"elementor-accordion-icon-closed\"><i class=\"mdi mdi-keyboard-arrow-up\"><\/i><\/span>\n\t\t\t\t\t\t\t\t<span class=\"elementor-accordion-icon-opened\"><i class=\"mdi mdi-keyboard-arrow-down\"><\/i><\/span>\n\t\t\t\t\t\t\t\t\t\t\t\t\t\t<\/span>\n\t\t\t\t\t\t\t\t\t\t\t\t<a class=\"elementor-accordion-title\" tabindex=\"0\"><span class=\"pbmit-globalcolor\">01.<\/span>  P\u00d4LE M\u00c9DECINE<\/a>\n\t\t\t\t\t<\/div>\n\t\t\t\t\t<div id=\"elementor-tab-content-2251\" class=\"elementor-tab-content elementor-clearfix\" data-tab=\"1\" role=\"region\" aria-labelledby=\"elementor-tab-title-2251\"><pre>M\u00e9decine g\u00e9n\u00e9rale<\/pre><pre>Cardiologie<\/pre><pre>Endocrinologie<\/pre><pre>Pneumologie<\/pre><pre>Infectiologie<\/pre><pre>H\u00e9matologie<\/pre><pre>N\u00e9phrologie<\/pre><\/div>\n\t\t\t\t<\/div>\n\t\t\t\t\t\t\t<div class=\"elementor-accordion-item\">\n\t\t\t\t\t<div id=\"elementor-tab-title-2252\" class=\"elementor-tab-title\" data-tab=\"2\" role=\"button\" aria-controls=\"elementor-tab-content-2252\" aria-expanded=\"false\">\n\t\t\t\t\t\t\t\t\t\t\t\t\t<span class=\"elementor-accordion-icon elementor-accordion-icon-right\" aria-hidden=\"true\">\n\t\t\t\t\t\t\t\t\t\t\t\t\t\t\t<span class=\"elementor-accordion-icon-closed\"><i class=\"mdi mdi-keyboard-arrow-up\"><\/i><\/span>\n\t\t\t\t\t\t\t\t<span class=\"elementor-accordion-icon-opened\"><i class=\"mdi mdi-keyboard-arrow-down\"><\/i><\/span>\n\t\t\t\t\t\t\t\t\t\t\t\t\t\t<\/span>\n\t\t\t\t\t\t\t\t\t\t\t\t<a class=\"elementor-accordion-title\" tabindex=\"0\"><span class=\"pbmit-globalcolor\">02.<\/span>P\u00d4LE FEMME & ENFANT<\/a>\n\t\t\t\t\t<\/div>\n\t\t\t\t\t<div id=\"elementor-tab-content-2252\" class=\"elementor-tab-content elementor-clearfix\" data-tab=\"2\" role=\"region\" aria-labelledby=\"elementor-tab-title-2252\"><pre>Gyn\u00e9cologie<\/pre><pre>P\u00e9diatrie<\/pre><pre>Chirurgie p\u00e9diatrique<\/pre><\/div>\n\t\t\t\t<\/div>\n\t\t\t\t\t\t\t<div class=\"elementor-accordion-item\">\n\t\t\t\t\t<div id=\"elementor-tab-title-2253\" class=\"elementor-tab-title\" data-tab=\"3\" role=\"button\" aria-controls=\"elementor-tab-content-2253\" aria-expanded=\"false\">\n\t\t\t\t\t\t\t\t\t\t\t\t\t<span class=\"elementor-accordion-icon elementor-accordion-icon-right\" aria-hidden=\"true\">\n\t\t\t\t\t\t\t\t\t\t\t\t\t\t\t<span class=\"elementor-accordion-icon-closed\"><i class=\"mdi mdi-keyboard-arrow-up\"><\/i><\/span>\n\t\t\t\t\t\t\t\t<span class=\"elementor-accordion-icon-opened\"><i class=\"mdi mdi-keyboard-arrow-down\"><\/i><\/span>\n\t\t\t\t\t\t\t\t\t\t\t\t\t\t<\/span>\n\t\t\t\t\t\t\t\t\t\t\t\t<a class=\"elementor-accordion-title\" tabindex=\"0\"><span class=\"pbmit-globalcolor\">03.<\/span> P\u00d4LE CHIRURGIE<\/a>\n\t\t\t\t\t<\/div>\n\t\t\t\t\t<div id=\"elementor-tab-content-2253\" class=\"elementor-tab-content elementor-clearfix\" data-tab=\"3\" role=\"region\" aria-labelledby=\"elementor-tab-title-2253\"><pre>Chirurgie visc\u00e9rale<\/pre><pre>Chirurgie cardiovasculaire<\/pre><pre>Neurochirurgie<\/pre><pre>Traumatologie<\/pre><\/div>\n\t\t\t\t<\/div>\n\t\t\t\t\t\t\t<div class=\"elementor-accordion-item\">\n\t\t\t\t\t<div id=\"elementor-tab-title-2254\" class=\"elementor-tab-title\" data-tab=\"4\" role=\"button\" aria-controls=\"elementor-tab-content-2254\" aria-expanded=\"false\">\n\t\t\t\t\t\t\t\t\t\t\t\t\t<span class=\"elementor-accordion-icon elementor-accordion-icon-right\" aria-hidden=\"true\">\n\t\t\t\t\t\t\t\t\t\t\t\t\t\t\t<span class=\"elementor-accordion-icon-closed\"><i class=\"mdi mdi-keyboard-arrow-up\"><\/i><\/span>\n\t\t\t\t\t\t\t\t<span class=\"elementor-accordion-icon-opened\"><i class=\"mdi mdi-keyboard-arrow-down\"><\/i><\/span>\n\t\t\t\t\t\t\t\t\t\t\t\t\t\t<\/span>\n\t\t\t\t\t\t\t\t\t\t\t\t<a class=\"elementor-accordion-title\" tabindex=\"0\"><span class=\"pbmit-globalcolor\">04.<\/span> P\u00d4LE DIAGNOSTIC & SOINS<\/a>\n\t\t\t\t\t<\/div>\n\t\t\t\t\t<div id=\"elementor-tab-content-2254\" class=\"elementor-tab-content elementor-clearfix\" data-tab=\"4\" role=\"region\" aria-labelledby=\"elementor-tab-title-2254\"><pre>Imagerie m\u00e9dicale<\/pre><pre>Laboratoire d\u2019analyses m\u00e9dicales (24h\/24)<\/pre><pre>H\u00e9modialyse<\/pre><\/div>\n\t\t\t\t<\/div>\n\t\t\t\t\t\t\t\t<\/div>\n\t\t\t\t\t\t<\/div>\n\t\t\t\t<\/div>\n\t\t\t\t\t<\/div>\n\t\t<\/div>\n\t\t\t\t\t<\/div>\n\t\t<\/section>\n\t\t\t\t<section class=\"elementor-section elementor-top-section elementor-element elementor-element-78a08fe pbmit-col-stretched-none pbmit-bg-color-over-image elementor-section-boxed elementor-section-height-default elementor-section-height-default\" data-id=\"78a08fe\" data-element_type=\"section\" data-e-type=\"section\">\n\t\t\t\t\t\t<div class=\"elementor-container elementor-column-gap-default\">\n\t\t\t\t\t<div class=\"elementor-column elementor-col-100 elementor-top-column elementor-element elementor-element-ce0bf1a pbmit-bg-color-over-image\" data-id=\"ce0bf1a\" data-element_type=\"column\" data-e-type=\"column\">\n\t\t\t<div class=\"elementor-widget-wrap elementor-element-populated\">\n\t\t\t\t\t\t<div class=\"elementor-element elementor-element-c045112 elementor-widget elementor-widget-pbmit_heading\" data-id=\"c045112\" data-element_type=\"widget\" data-e-type=\"widget\" data-widget_type=\"pbmit_heading.default\">\n\t\t\t\t<div class=\"elementor-widget-container\">\n\t\t\t\t\t <div class=\"pbmit-heading-subheading pbmit-heading-subheading-style-1 pbmit-reverse-heading-yes animation-style4\"><h4 class=\"pbmit-element-subtitle\"><span>\r\n\t\t\t\t<\/span>\r\n\t\t\t\t\r\n\t\t\t\t\tprenons contact\r\n\t\t\t\t\r\n\t\t\t\t<\/h4>\r\n\t\t\t<h2 class=\"pbmit-element-title\">\r\n\t\t\t\t\r\n\t\t\t\t\tPrendre rendez-vous\r\n\t\t\t\t\r\n\t\t\t\t<\/h2>\r\n\t\t\t<\/div>\t\t\t\t<\/div>\n\t\t\t\t<\/div>\n\t\t\t\t\t<\/div>\n\t\t<\/div>\n\t\t\t\t\t<\/div>\n\t\t<\/section>\n\t\t\t\t<section class=\"elementor-section elementor-top-section elementor-element elementor-element-c6a2fd0 pbmit-col-stretched-none pbmit-bg-color-over-image elementor-section-boxed elementor-section-height-default elementor-section-height-default\" data-id=\"c6a2fd0\" data-element_type=\"section\" data-e-type=\"section\">\n\t\t\t\t\t\t<div class=\"elementor-container elementor-column-gap-default\">\n\t\t\t\t\t<div class=\"elementor-column elementor-col-50 elementor-top-column elementor-element elementor-element-33bb9ee pbmit-bg-color-over-image\" data-id=\"33bb9ee\" data-element_type=\"column\" data-e-type=\"column\">\n\t\t\t<div class=\"elementor-widget-wrap elementor-element-populated\">\n\t\t\t\t\t\t<div class=\"elementor-element elementor-element-0addfff animated-slow elementor-widget elementor-widget-shortcode\" data-id=\"0addfff\" data-element_type=\"widget\" data-e-type=\"widget\" data-settings=\"{&quot;_animation&quot;:&quot;none&quot;}\" data-widget_type=\"shortcode.default\">\n\t\t\t\t<div class=\"elementor-widget-container\">\n\t\t\t\t\t\t\t<div class=\"elementor-shortcode\">\n<div class=\"wpcf7 no-js\" id=\"wpcf7-f47-o1\" lang=\"en-US\" dir=\"ltr\" data-wpcf7-id=\"47\">\n<div class=\"screen-reader-response\"><p role=\"status\" aria-live=\"polite\" aria-atomic=\"true\"><\/p> <ul><\/ul><\/div>\n<form action=\"\/index.php?rest_route=%2Fwp%2Fv2%2Fpages%2F961#wpcf7-f47-o1\" method=\"post\" class=\"wpcf7-form init\" aria-label=\"Contact form\" novalidate=\"novalidate\" data-status=\"init\">\n<fieldset class=\"hidden-fields-container\"><input type=\"hidden\" name=\"_wpcf7\" value=\"47\" \/><input type=\"hidden\" name=\"_wpcf7_version\" value=\"6.1.4\" \/><input type=\"hidden\" name=\"_wpcf7_locale\" value=\"en_US\" \/><input type=\"hidden\" name=\"_wpcf7_unit_tag\" value=\"wpcf7-f47-o1\" \/><input type=\"hidden\" name=\"_wpcf7_container_post\" value=\"0\" \/><input type=\"hidden\" name=\"_wpcf7_posted_data_hash\" value=\"\" \/>\n<\/fieldset>\n<div class=\"appointment-form\">\n\t<div class=\"form-group\">\n\t\t<p><span class=\"wpcf7-form-control-wrap\" data-name=\"first-name\"><input size=\"40\" maxlength=\"400\" class=\"wpcf7-form-control wpcf7-text wpcf7-validates-as-required\" aria-required=\"true\" aria-invalid=\"false\" placeholder=\"Nom &amp; Pr\u00e9nom *\" value=\"\" type=\"text\" name=\"first-name\" \/><\/span>\n\t\t<\/p>\n\t<\/div>\n\t<div class=\"form-group\">\n\t\t<p><span class=\"wpcf7-form-control-wrap\" data-name=\"email\"><input size=\"40\" maxlength=\"400\" class=\"wpcf7-form-control wpcf7-email wpcf7-validates-as-required wpcf7-text wpcf7-validates-as-email\" aria-required=\"true\" aria-invalid=\"false\" placeholder=\"Adresse email *\" value=\"\" type=\"email\" name=\"email\" \/><\/span>\n\t\t<\/p>\n\t<\/div>\n\t<div class=\"form-group\">\n\t\t<p><span class=\"wpcf7-form-control-wrap\" data-name=\"phone\"><input size=\"40\" maxlength=\"400\" class=\"wpcf7-form-control wpcf7-tel wpcf7-validates-as-required wpcf7-text wpcf7-validates-as-tel\" aria-required=\"true\" aria-invalid=\"false\" placeholder=\"Num\u00e9ro de t\u00e9l\u00e9phone *\" value=\"\" type=\"tel\" name=\"phone\" \/><\/span>\n\t\t<\/p>\n\t<\/div>\n\t<div class=\"form-group\">\n\t\t<p><span class=\"wpcf7-form-control-wrap\" data-name=\"service\"><select class=\"wpcf7-form-control wpcf7-select wpcf7-validates-as-required\" aria-required=\"true\" aria-invalid=\"false\" name=\"service\"><option value=\"Service souhait\u00e9\">Service souhait\u00e9<\/option><option value=\"Consultation g\u00e9n\u00e9rale\">Consultation g\u00e9n\u00e9rale<\/option><option value=\"Cardiologie\">Cardiologie<\/option><option value=\"P\u00e9diatrie\">P\u00e9diatrie<\/option><option value=\"Gyn\u00e9cologie\">Gyn\u00e9cologie<\/option><option value=\"Urologie\">Urologie<\/option><option value=\"Rhumatologie\">Rhumatologie<\/option><option value=\"H\u00e9pato-gastro-ent\u00e9rologie\">H\u00e9pato-gastro-ent\u00e9rologie<\/option><option value=\"Pneumologie\">Pneumologie<\/option><option value=\"Infectiologie\">Infectiologie<\/option><option value=\"ORL\">ORL<\/option><option value=\"Anesth\u00e9sie-r\u00e9animation\">Anesth\u00e9sie-r\u00e9animation<\/option><option value=\"Psychologie clinique \/ Psychopathologie\">Psychologie clinique \/ Psychopathologie<\/option><option value=\"Dermatologie\">Dermatologie<\/option><option value=\"Stomatologie\">Stomatologie<\/option><option value=\"Traumatologie\">Traumatologie<\/option><option value=\"Neurologie\">Neurologie<\/option><option value=\"Chirurgie visc\u00e9rale\">Chirurgie visc\u00e9rale<\/option><option value=\"Chirurgie p\u00e9diatrique\">Chirurgie p\u00e9diatrique<\/option><option value=\"Endocrinologie\">Endocrinologie<\/option><option value=\"N\u00e9phrologie\">N\u00e9phrologie<\/option><option value=\"H\u00e9matologie\">H\u00e9matologie<\/option><option value=\"Chirurgie plastique et r\u00e9paratrice\">Chirurgie plastique et r\u00e9paratrice<\/option><option value=\"Chirurgie cardiovasculaire\">Chirurgie cardiovasculaire<\/option><option value=\"Neurochirurgie\">Neurochirurgie<\/option><option value=\"Psychiatrie\">Psychiatrie<\/option><option value=\"Laboratoire\">Laboratoire<\/option><\/select><\/span>\n\t\t<\/p>\n\t<\/div>\n\n <!-- Date + Heure -->\n\t<div class=\"form-group-inline\">\n\t\t<div class=\"inline-field\">\n\t\t\t<p><span class=\"wpcf7-form-control-wrap\" data-name=\"appointment-date\"><input class=\"wpcf7-form-control wpcf7-date wpcf7-validates-as-required wpcf7-validates-as-date\" aria-required=\"true\" aria-invalid=\"false\" value=\"\" type=\"date\" name=\"appointment-date\" \/><\/span>\n\t\t\t<\/p>\n\t\t<\/div>\n\t\t<div class=\"inline-field\">\n\t\t\t<p><span class=\"wpcf7-form-control-wrap\" data-name=\"appointment-time\"><select class=\"wpcf7-form-control wpcf7-select wpcf7-validates-as-required\" aria-required=\"true\" aria-invalid=\"false\" name=\"appointment-time\"><option value=\"Heure\">Heure<\/option><option value=\"08:00\">08:00<\/option><option value=\"09:00\">09:00<\/option><option value=\"10:00\">10:00<\/option><option value=\"11:00\">11:00<\/option><option value=\"12:00\">12:00<\/option><option value=\"14:00\">14:00<\/option><option value=\"15:00\">15:00<\/option><option value=\"16:00\">16:00<\/option><\/select><\/span>\n\t\t\t<\/p>\n\t\t<\/div>\n\t<\/div>\n\t<div class=\"form-group\">\n\t\t<p><span class=\"wpcf7-form-control-wrap\" data-name=\"message\"><textarea cols=\"40\" rows=\"10\" maxlength=\"2000\" class=\"wpcf7-form-control wpcf7-textarea\" aria-invalid=\"false\" placeholder=\"Message \/ Note\" name=\"message\"><\/textarea><\/span>\n\t\t<\/p>\n\t<\/div>\n\t<div class=\"form-group\">\n\t\t<p><input class=\"wpcf7-form-control wpcf7-submit has-spinner\" type=\"submit\" value=\"Prendre rendez-vous\" \/>\n\t\t<\/p>\n\t<\/div>\n<\/div><div class=\"wpcf7-response-output\" aria-hidden=\"true\"><\/div>\n<\/form>\n<\/div>\n<\/div>\n\t\t\t\t\t\t<\/div>\n\t\t\t\t<\/div>\n\t\t\t\t\t<\/div>\n\t\t<\/div>\n\t\t\t\t<div class=\"elementor-column elementor-col-50 elementor-top-column elementor-element elementor-element-1303005 animated-slow pbmit-bg-color-over-image elementor-invisible\" data-id=\"1303005\" data-element_type=\"column\" data-e-type=\"column\" data-settings=\"{&quot;background_background&quot;:&quot;classic&quot;,&quot;animation&quot;:&quot;fadeInLeft&quot;}\">\n\t\t\t<div class=\"elementor-widget-wrap elementor-element-populated\">\n\t\t\t\t\t<div class=\"elementor-background-overlay\"><\/div>\n\t\t\t\t\t\t\t<\/div>\n\t\t<\/div>\n\t\t\t\t\t<\/div>\n\t\t<\/section>\n\t\t\t\t<\/div>\n\t\t","protected":false},"excerpt":{"rendered":"<p>NOS P\u00d4LES M\u00c9DICAUX Une prise en charge compl\u00e8te et coordonn\u00e9e 01. P\u00d4LE M\u00c9DECINE M\u00e9decine g\u00e9n\u00e9rale Cardiologie Endocrinologie Pneumologie Infectiologie H\u00e9matologie N\u00e9phrologie 02.P\u00d4LE FEMME &#038; ENFANT Gyn\u00e9cologie P\u00e9diatrie Chirurgie p\u00e9diatrique 03. P\u00d4LE CHIRURGIE Chirurgie visc\u00e9rale Chirurgie cardiovasculaire Neurochirurgie Traumatologie 04. P\u00d4LE DIAGNOSTIC &#038; SOINS Imagerie m\u00e9dicale Laboratoire d\u2019analyses m\u00e9dicales (24h\/24) H\u00e9modialyse prenons contact Prendre rendez-vous<\/p>\n","protected":false},"author":1,"featured_media":0,"parent":0,"menu_order":0,"comment_status":"closed","ping_status":"closed","template":"","meta":{"_acf_changed":false,"inline_featured_image":false,"footnotes":""},"class_list":["post-961","page","type-page","status-publish","hentry"],"acf":[],"yoast_head":"<!-- This site is optimized with the Yoast SEO plugin v27.3 - https:\/\/yoast.com\/product\/yoast-seo-wordpress\/ -->\n<title>Nos p\u00f4les m\u00e9dicaux - Clinique verano<\/title>\n<meta name=\"robots\" content=\"index, follow, max-snippet:-1, max-image-preview:large, max-video-preview:-1\" \/>\n<link rel=\"canonical\" href=\"https:\/\/v1.cliniqueverano.com\/?page_id=961\" \/>\n<meta property=\"og:locale\" content=\"fr_FR\" \/>\n<meta property=\"og:type\" content=\"article\" \/>\n<meta property=\"og:title\" content=\"Nos p\u00f4les m\u00e9dicaux - Clinique verano\" \/>\n<meta property=\"og:description\" content=\"NOS P\u00d4LES M\u00c9DICAUX Une prise en charge compl\u00e8te et coordonn\u00e9e 01. P\u00d4LE M\u00c9DECINE M\u00e9decine g\u00e9n\u00e9rale Cardiologie Endocrinologie Pneumologie Infectiologie H\u00e9matologie N\u00e9phrologie 02.P\u00d4LE FEMME &#038; ENFANT Gyn\u00e9cologie P\u00e9diatrie Chirurgie p\u00e9diatrique 03. P\u00d4LE CHIRURGIE Chirurgie visc\u00e9rale Chirurgie cardiovasculaire Neurochirurgie Traumatologie 04. P\u00d4LE DIAGNOSTIC &#038; SOINS Imagerie m\u00e9dicale Laboratoire d\u2019analyses m\u00e9dicales (24h\/24) H\u00e9modialyse prenons contact Prendre rendez-vous\" \/>\n<meta property=\"og:url\" content=\"https:\/\/v1.cliniqueverano.com\/?page_id=961\" \/>\n<meta property=\"og:site_name\" content=\"Clinique verano\" \/>\n<meta property=\"article:modified_time\" content=\"2026-01-06T11:22:21+00:00\" \/>\n<meta name=\"twitter:card\" content=\"summary_large_image\" \/>\n<meta name=\"twitter:label1\" content=\"Dur\u00e9e de lecture estim\u00e9e\" \/>\n\t<meta name=\"twitter:data1\" content=\"1 minute\" \/>\n<script type=\"application\/ld+json\" class=\"yoast-schema-graph\">{\"@context\":\"https:\\\/\\\/schema.org\",\"@graph\":[{\"@type\":\"WebPage\",\"@id\":\"https:\\\/\\\/v1.cliniqueverano.com\\\/?page_id=961\",\"url\":\"https:\\\/\\\/v1.cliniqueverano.com\\\/?page_id=961\",\"name\":\"Nos p\u00f4les m\u00e9dicaux - Clinique verano\",\"isPartOf\":{\"@id\":\"https:\\\/\\\/v1.cliniqueverano.com\\\/#website\"},\"datePublished\":\"2025-12-29T15:51:15+00:00\",\"dateModified\":\"2026-01-06T11:22:21+00:00\",\"breadcrumb\":{\"@id\":\"https:\\\/\\\/v1.cliniqueverano.com\\\/?page_id=961#breadcrumb\"},\"inLanguage\":\"fr-FR\",\"potentialAction\":[{\"@type\":\"ReadAction\",\"target\":[\"https:\\\/\\\/v1.cliniqueverano.com\\\/?page_id=961\"]}]},{\"@type\":\"BreadcrumbList\",\"@id\":\"https:\\\/\\\/v1.cliniqueverano.com\\\/?page_id=961#breadcrumb\",\"itemListElement\":[{\"@type\":\"ListItem\",\"position\":1,\"name\":\"Home\",\"item\":\"https:\\\/\\\/v1.cliniqueverano.com\\\/\"},{\"@type\":\"ListItem\",\"position\":2,\"name\":\"Nos p\u00f4les m\u00e9dicaux\"}]},{\"@type\":\"WebSite\",\"@id\":\"https:\\\/\\\/v1.cliniqueverano.com\\\/#website\",\"url\":\"https:\\\/\\\/v1.cliniqueverano.com\\\/\",\"name\":\"Clinique verano\",\"description\":\"\",\"potentialAction\":[{\"@type\":\"SearchAction\",\"target\":{\"@type\":\"EntryPoint\",\"urlTemplate\":\"https:\\\/\\\/v1.cliniqueverano.com\\\/?s={search_term_string}\"},\"query-input\":{\"@type\":\"PropertyValueSpecification\",\"valueRequired\":true,\"valueName\":\"search_term_string\"}}],\"inLanguage\":\"fr-FR\"}]}<\/script>\n<!-- \/ Yoast SEO plugin. -->","yoast_head_json":{"title":"Nos p\u00f4les m\u00e9dicaux - Clinique verano","robots":{"index":"index","follow":"follow","max-snippet":"max-snippet:-1","max-image-preview":"max-image-preview:large","max-video-preview":"max-video-preview:-1"},"canonical":"https:\/\/v1.cliniqueverano.com\/?page_id=961","og_locale":"fr_FR","og_type":"article","og_title":"Nos p\u00f4les m\u00e9dicaux - Clinique verano","og_description":"NOS P\u00d4LES M\u00c9DICAUX Une prise en charge compl\u00e8te et coordonn\u00e9e 01. P\u00d4LE M\u00c9DECINE M\u00e9decine g\u00e9n\u00e9rale Cardiologie Endocrinologie Pneumologie Infectiologie H\u00e9matologie N\u00e9phrologie 02.P\u00d4LE FEMME &#038; ENFANT Gyn\u00e9cologie P\u00e9diatrie Chirurgie p\u00e9diatrique 03. P\u00d4LE CHIRURGIE Chirurgie visc\u00e9rale Chirurgie cardiovasculaire Neurochirurgie Traumatologie 04. P\u00d4LE DIAGNOSTIC &#038; SOINS Imagerie m\u00e9dicale Laboratoire d\u2019analyses m\u00e9dicales (24h\/24) H\u00e9modialyse prenons contact Prendre rendez-vous","og_url":"https:\/\/v1.cliniqueverano.com\/?page_id=961","og_site_name":"Clinique verano","article_modified_time":"2026-01-06T11:22:21+00:00","twitter_card":"summary_large_image","twitter_misc":{"Dur\u00e9e de lecture estim\u00e9e":"1 minute"},"schema":{"@context":"https:\/\/schema.org","@graph":[{"@type":"WebPage","@id":"https:\/\/v1.cliniqueverano.com\/?page_id=961","url":"https:\/\/v1.cliniqueverano.com\/?page_id=961","name":"Nos p\u00f4les m\u00e9dicaux - Clinique verano","isPartOf":{"@id":"https:\/\/v1.cliniqueverano.com\/#website"},"datePublished":"2025-12-29T15:51:15+00:00","dateModified":"2026-01-06T11:22:21+00:00","breadcrumb":{"@id":"https:\/\/v1.cliniqueverano.com\/?page_id=961#breadcrumb"},"inLanguage":"fr-FR","potentialAction":[{"@type":"ReadAction","target":["https:\/\/v1.cliniqueverano.com\/?page_id=961"]}]},{"@type":"BreadcrumbList","@id":"https:\/\/v1.cliniqueverano.com\/?page_id=961#breadcrumb","itemListElement":[{"@type":"ListItem","position":1,"name":"Home","item":"https:\/\/v1.cliniqueverano.com\/"},{"@type":"ListItem","position":2,"name":"Nos p\u00f4les m\u00e9dicaux"}]},{"@type":"WebSite","@id":"https:\/\/v1.cliniqueverano.com\/#website","url":"https:\/\/v1.cliniqueverano.com\/","name":"Clinique verano","description":"","potentialAction":[{"@type":"SearchAction","target":{"@type":"EntryPoint","urlTemplate":"https:\/\/v1.cliniqueverano.com\/?s={search_term_string}"},"query-input":{"@type":"PropertyValueSpecification","valueRequired":true,"valueName":"search_term_string"}}],"inLanguage":"fr-FR"}]}},"_links":{"self":[{"href":"https:\/\/v1.cliniqueverano.com\/index.php?rest_route=\/wp\/v2\/pages\/961","targetHints":{"allow":["GET"]}}],"collection":[{"href":"https:\/\/v1.cliniqueverano.com\/index.php?rest_route=\/wp\/v2\/pages"}],"about":[{"href":"https:\/\/v1.cliniqueverano.com\/index.php?rest_route=\/wp\/v2\/types\/page"}],"author":[{"embeddable":true,"href":"https:\/\/v1.cliniqueverano.com\/index.php?rest_route=\/wp\/v2\/users\/1"}],"replies":[{"embeddable":true,"href":"https:\/\/v1.cliniqueverano.com\/index.php?rest_route=%2Fwp%2Fv2%2Fcomments&post=961"}],"version-history":[{"count":16,"href":"https:\/\/v1.cliniqueverano.com\/index.php?rest_route=\/wp\/v2\/pages\/961\/revisions"}],"predecessor-version":[{"id":1211,"href":"https:\/\/v1.cliniqueverano.com\/index.php?rest_route=\/wp\/v2\/pages\/961\/revisions\/1211"}],"wp:attachment":[{"href":"https:\/\/v1.cliniqueverano.com\/index.php?rest_route=%2Fwp%2Fv2%2Fmedia&parent=961"}],"curies":[{"name":"wp","href":"https:\/\/api.w.org\/{rel}","templated":true}]}}